{"id":2952,"date":"2022-08-22T09:39:02","date_gmt":"2022-08-22T07:39:02","guid":{"rendered":"https:\/\/ineskaiser-grace.fr\/mentions-legales\/"},"modified":"2023-03-08T11:48:56","modified_gmt":"2023-03-08T10:48:56","slug":"mentions-legales","status":"publish","type":"page","link":"https:\/\/ineskaiser-grace.fr\/fr\/mentions-legales\/","title":{"rendered":"Mentions l\u00e9gales"},"content":{"rendered":"\t\t<div data-elementor-type=\"wp-post\" data-elementor-id=\"2952\" class=\"elementor elementor-2952 elementor-2254\">\n\t\t\t\t\t\t<section class=\"elementor-section elementor-top-section elementor-element elementor-element-df2d035 elementor-section-height-min-height elementor-section-boxed elementor-section-height-default elementor-section-items-middle\" data-id=\"df2d035\" data-element_type=\"section\" data-e-type=\"section\" data-settings=\"{&quot;background_background&quot;:&quot;classic&quot;}\">\n\t\t\t\t\t\t<div class=\"elementor-container elementor-column-gap-wider\">\n\t\t\t\t\t<div class=\"elementor-column elementor-col-100 elementor-top-column elementor-element elementor-element-9513a38\" data-id=\"9513a38\" data-element_type=\"column\" data-e-type=\"column\" data-settings=\"{&quot;motion_fx_motion_fx_scrolling&quot;:&quot;yes&quot;,&quot;motion_fx_translateY_effect&quot;:&quot;yes&quot;,&quot;motion_fx_translateY_speed&quot;:{&quot;unit&quot;:&quot;px&quot;,&quot;size&quot;:2,&quot;sizes&quot;:[]},&quot;motion_fx_translateY_affectedRange&quot;:{&quot;unit&quot;:&quot;%&quot;,&quot;size&quot;:&quot;&quot;,&quot;sizes&quot;:{&quot;start&quot;:0,&quot;end&quot;:100}},&quot;motion_fx_devices&quot;:[&quot;desktop&quot;,&quot;tablet&quot;,&quot;mobile&quot;]}\">\n\t\t\t<div class=\"elementor-widget-wrap elementor-element-populated\">\n\t\t\t\t\t\t<div class=\"elementor-element elementor-element-f586995 elementor-widget elementor-widget-image\" data-id=\"f586995\" data-element_type=\"widget\" data-e-type=\"widget\" data-widget_type=\"image.default\">\n\t\t\t\t<div class=\"elementor-widget-container\">\n\t\t\t\t\t\t\t\t\t\t\t\t\t\t\t<img fetchpriority=\"high\" decoding=\"async\" width=\"300\" height=\"425\" src=\"https:\/\/ineskaiser-grace.fr\/wp-content\/uploads\/2022\/08\/Green-Watercolor-Leaf-on-Light-Yellow-Background-Framed-Art-Print-Kopie.png\" class=\"attachment-large size-large wp-image-1695\" alt=\"\" srcset=\"https:\/\/ineskaiser-grace.fr\/wp-content\/uploads\/2022\/08\/Green-Watercolor-Leaf-on-Light-Yellow-Background-Framed-Art-Print-Kopie.png 300w, https:\/\/ineskaiser-grace.fr\/wp-content\/uploads\/2022\/08\/Green-Watercolor-Leaf-on-Light-Yellow-Background-Framed-Art-Print-Kopie-212x300.png 212w\" sizes=\"(max-width: 300px) 100vw, 300px\" \/>\t\t\t\t\t\t\t\t\t\t\t\t\t\t\t<\/div>\n\t\t\t\t<\/div>\n\t\t\t\t<div class=\"elementor-element elementor-element-e6cf720 elementor-widget elementor-widget-heading\" data-id=\"e6cf720\" data-element_type=\"widget\" data-e-type=\"widget\" data-widget_type=\"heading.default\">\n\t\t\t\t<div class=\"elementor-widget-container\">\n\t\t\t\t\t<h2 class=\"elementor-heading-title elementor-size-default\">Mentions l\u00e9gales<\/h2>\t\t\t\t<\/div>\n\t\t\t\t<\/div>\n\t\t\t\t<div class=\"elementor-element elementor-element-f9718ef elementor-widget elementor-widget-text-editor\" data-id=\"f9718ef\" data-element_type=\"widget\" data-e-type=\"widget\" data-widget_type=\"text-editor.default\">\n\t\t\t\t<div class=\"elementor-widget-container\">\n\t\t\t\t\t\t\t\t\t<p><b style=\"font-family: var( --e-global-typography-3af547c-font-family ), Sans-serif; font-size: var( --e-global-typography-3af547c-font-size ); letter-spacing: var( --e-global-typography-3af547c-letter-spacing ); word-spacing: var( --e-global-typography-3af547c-word-spacing ); background-color: var( --e-global-color-a538b7b ); color: var( --e-global-color-1af8633 );\">Ines Kaiser &#8211; The Place of Grace<br \/><br \/><\/b><b style=\"font-family: var( --e-global-typography-3af547c-font-family ), Sans-serif; font-size: var( --e-global-typography-3af547c-font-size ); letter-spacing: var( --e-global-typography-3af547c-letter-spacing ); word-spacing: var( --e-global-typography-3af547c-word-spacing ); background-color: var( --e-global-color-a538b7b ); color: var( --e-global-color-1af8633 );\">Grace FR SARL<br \/><\/b><b style=\"font-family: var( --e-global-typography-3af547c-font-family ), Sans-serif; font-size: var( --e-global-typography-3af547c-font-size ); letter-spacing: var( --e-global-typography-3af547c-letter-spacing ); word-spacing: var( --e-global-typography-3af547c-word-spacing ); background-color: var( --e-global-color-a538b7b ); color: var( --e-global-color-1af8633 );\">13, Chemin de Saint Chaptes<br \/><\/b><b style=\"font-family: var( --e-global-typography-3af547c-font-family ), Sans-serif; font-size: var( --e-global-typography-3af547c-font-size ); letter-spacing: var( --e-global-typography-3af547c-letter-spacing ); word-spacing: var( --e-global-typography-3af547c-word-spacing ); background-color: var( --e-global-color-a538b7b ); color: var( --e-global-color-1af8633 );\">F-30190 Moussac<br \/><\/b>TVA: FR 67 84352 4208<br \/>SIRET: 843 524 208 00017<\/p><p>\u00a0<\/p><p><b style=\"font-family: var( --e-global-typography-3af547c-font-family ), Sans-serif; font-size: var( --e-global-typography-3af547c-font-size ); letter-spacing: var( --e-global-typography-3af547c-letter-spacing ); word-spacing: var( --e-global-typography-3af547c-word-spacing ); background-color: var( --e-global-color-a538b7b ); color: var( --e-global-color-1af8633 );\">Photos<br \/><\/b><span style=\"font-family: var( --e-global-typography-3af547c-font-family ), Sans-serif; font-size: var( --e-global-typography-3af547c-font-size ); font-weight: var( --e-global-typography-3af547c-font-weight ); letter-spacing: var( --e-global-typography-3af547c-letter-spacing ); word-spacing: var( --e-global-typography-3af547c-word-spacing ); background-color: var( --e-global-color-a538b7b ); color: var( --e-global-color-1af8633 );\">Anja Prade Photographie &#8211; https:\/\/www.anjaprade-photographie.com<br \/><\/span><span style=\"font-family: var( --e-global-typography-3af547c-font-family ), Sans-serif; font-size: var( --e-global-typography-3af547c-font-size ); font-weight: var( --e-global-typography-3af547c-font-weight ); letter-spacing: var( --e-global-typography-3af547c-letter-spacing ); word-spacing: var( --e-global-typography-3af547c-word-spacing ); background-color: var( --e-global-color-a538b7b ); color: var( --e-global-color-1af8633 );\">Georges Kayat &#8211; http:\/\/blabladog.com\/en\/<br \/><\/span><span style=\"font-family: var( --e-global-typography-3af547c-font-family ), Sans-serif; font-size: var( --e-global-typography-3af547c-font-size ); font-weight: var( --e-global-typography-3af547c-font-weight ); letter-spacing: var( --e-global-typography-3af547c-letter-spacing ); word-spacing: var( --e-global-typography-3af547c-word-spacing ); background-color: var( --e-global-color-a538b7b ); color: var( --e-global-color-1af8633 );\">Jean Baptise Premat &#8211; https:\/\/jeanbaptistepremat.com<br \/><\/span><span style=\"font-family: var( --e-global-typography-3af547c-font-family ), Sans-serif; font-size: var( --e-global-typography-3af547c-font-size ); font-weight: var( --e-global-typography-3af547c-font-weight ); letter-spacing: var( --e-global-typography-3af547c-letter-spacing ); word-spacing: var( --e-global-typography-3af547c-word-spacing ); background-color: var( --e-global-color-a538b7b ); color: var( --e-global-color-1af8633 );\">Thierry Fulconis<br \/><\/span>Nathalie Blasinger &#8211; https:\/\/www.nathalieblasinger.de\/<\/p><p><strong style=\"font-family: var( --e-global-typography-3af547c-font-family ), Sans-serif; font-size: var( --e-global-typography-3af547c-font-size ); letter-spacing: var( --e-global-typography-3af547c-letter-spacing ); word-spacing: var( --e-global-typography-3af547c-word-spacing ); background-color: var( --e-global-color-a538b7b ); color: var( --e-global-color-1af8633 );\">Conception &amp; r\u00e9alisation<br \/><\/strong>Ulrich Haug : <a style=\"font-family: var( --e-global-typography-3af547c-font-family ), Sans-serif; font-size: var( --e-global-typography-3af547c-font-size ); letter-spacing: var( --e-global-typography-3af547c-letter-spacing ); word-spacing: var( --e-global-typography-3af547c-word-spacing );\" href=\"http:\/\/www.ulrich-haug.de\/\">www.ulrich-haug.de<\/a><\/p><h6><strong>Clause de non-responsabilit\u00e9 (Disclaimer)<\/strong><\/h6><p><strong>Responsabilit\u00e9 du contenu<\/strong><\/p><p>En tant que prestataire de services, nous sommes tenus, conform\u00e9ment au \u00a7 7 al.1 TMG pour ses propres contenus sur ces pages selon les lois g\u00e9n\u00e9rales. Selon les \u00a7\u00a7 8 \u00e0 10 de la loi allemande sur les m\u00e9dias \u00e9lectroniques (TMG), nous ne sommes toutefois pas tenus, en tant que prestataire de services, de surveiller les informations externes transmises ou enregistr\u00e9es ou de rechercher des circonstances indiquant une activit\u00e9 ill\u00e9gale. Les obligations de supprimer ou de bloquer l&rsquo;utilisation d&rsquo;informations conform\u00e9ment aux lois g\u00e9n\u00e9rales restent inchang\u00e9es. Une responsabilit\u00e9 \u00e0 cet \u00e9gard n&rsquo;est toutefois possible qu&rsquo;\u00e0 partir du moment o\u00f9 une violation concr\u00e8te de la loi est connue. D\u00e8s que nous aurons connaissance de telles violations, nous retirerons imm\u00e9diatement ces contenus.<\/p><p><strong>Responsabilit\u00e9 pour les liens<\/strong><\/p><p>Notre offre contient des liens vers des sites web externes de tiers, sur le contenu desquels nous n&rsquo;avons aucune influence. C&rsquo;est pourquoi nous ne pouvons pas non plus nous porter garants de ces contenus \u00e9trangers. Le fournisseur ou l&rsquo;exploitant des pages li\u00e9es est toujours responsable du contenu de ces pages. Les pages li\u00e9es ont \u00e9t\u00e9 v\u00e9rifi\u00e9es au moment de la cr\u00e9ation du lien afin de s&rsquo;assurer qu&rsquo;elles n&rsquo;enfreignaient pas la loi. Aucun contenu ill\u00e9gal n&rsquo;a \u00e9t\u00e9 identifi\u00e9 au moment de la cr\u00e9ation des liens. Un contr\u00f4le permanent du contenu des pages li\u00e9es n&rsquo;est toutefois pas exigible sans indices concrets d&rsquo;une violation de la loi. D\u00e8s que nous aurons connaissance de violations de la loi, nous supprimerons imm\u00e9diatement de tels liens.<\/p><p><strong>Droit d&rsquo;auteur<\/strong><\/p><p>Les contenus et \u0153uvres cr\u00e9\u00e9s par les exploitants de ces pages sont soumis au droit d&rsquo;auteur allemand. La reproduction, le traitement, la diffusion et toute forme d&rsquo;exploitation en dehors des limites du droit d&rsquo;auteur requi\u00e8rent l&rsquo;accord \u00e9crit de l&rsquo;auteur ou du cr\u00e9ateur concern\u00e9. Les t\u00e9l\u00e9chargements et les copies de cette page ne sont autoris\u00e9s que pour un usage priv\u00e9 et non commercial. Dans la mesure o\u00f9 les contenus de ce site n&rsquo;ont pas \u00e9t\u00e9 cr\u00e9\u00e9s par l&rsquo;exploitant, les droits d&rsquo;auteur de tiers sont respect\u00e9s. En particulier, les contenus de tiers sont identifi\u00e9s comme tels. <a id=\"datenschutz\" name=\"datenschutz\"><\/a>Si vous deviez n\u00e9anmoins constater une violation des droits d&rsquo;auteur, nous vous prions de nous en informer. D\u00e8s que nous aurons connaissance d&rsquo;une violation de la loi, nous supprimerons imm\u00e9diatement de tels contenus.<\/p><p>\u00a0<\/p>\t\t\t\t\t\t\t\t<\/div>\n\t\t\t\t<\/div>\n\t\t\t\t\t<\/div>\n\t\t<\/div>\n\t\t\t\t\t<\/div>\n\t\t<\/section>\n\t\t\t\t<section class=\"elementor-section elementor-top-section elementor-element elementor-element-6cc6801 elementor-section-content-bottom elementor-section-boxed elementor-section-height-default elementor-section-height-default\" data-id=\"6cc6801\" data-element_type=\"section\" data-e-type=\"section\">\n\t\t\t\t\t\t<div class=\"elementor-container elementor-column-gap-no\">\n\t\t\t\t\t<div class=\"elementor-column elementor-col-100 elementor-top-column elementor-element elementor-element-0118956\" data-id=\"0118956\" data-element_type=\"column\" data-e-type=\"column\">\n\t\t\t<div class=\"elementor-widget-wrap elementor-element-populated\">\n\t\t\t\t\t\t<div class=\"elementor-element elementor-element-0c8ac6c elementor-widget-divider--view-line elementor-widget elementor-widget-divider\" data-id=\"0c8ac6c\" data-element_type=\"widget\" data-e-type=\"widget\" data-widget_type=\"divider.default\">\n\t\t\t\t<div class=\"elementor-widget-container\">\n\t\t\t\t\t\t\t<div class=\"elementor-divider\">\n\t\t\t<span class=\"elementor-divider-separator\">\n\t\t\t\t\t\t<\/span>\n\t\t<\/div>\n\t\t\t\t\t\t<\/div>\n\t\t\t\t<\/div>\n\t\t\t\t\t<\/div>\n\t\t<\/div>\n\t\t\t\t\t<\/div>\n\t\t<\/section>\n\t\t\t\t<\/div>\n\t\t","protected":false},"excerpt":{"rendered":"<p>Mentions l\u00e9gales Ines Kaiser &#8211; The Place of Grace Grace FR SARL13, Chemin de Saint ChaptesF-30190 MoussacTVA: FR 67 84352 4208SIRET: 843 524 208 00017 \u00a0 PhotosAnja Prade Photographie &#8211; https:\/\/www.anjaprade-photographie.comGeorges Kayat &#8211; http:\/\/blabladog.com\/en\/Jean Baptise Premat &#8211; https:\/\/jeanbaptistepremat.comThierry FulconisNathalie Blasinger &#8211; https:\/\/www.nathalieblasinger.de\/ Conception &amp; r\u00e9alisationUlrich Haug : www.ulrich-haug.de Clause de non-responsabilit\u00e9 (Disclaimer) Responsabilit\u00e9 du contenu [&hellip;]<\/p>\n","protected":false},"author":1,"featured_media":0,"parent":0,"menu_order":0,"comment_status":"closed","ping_status":"closed","template":"elementor_header_footer","meta":{"footnotes":""},"class_list":["post-2952","page","type-page","status-publish","hentry"],"aioseo_notices":[],"_links":{"self":[{"href":"https:\/\/ineskaiser-grace.fr\/fr\/wp-json\/wp\/v2\/pages\/2952","targetHints":{"allow":["GET"]}}],"collection":[{"href":"https:\/\/ineskaiser-grace.fr\/fr\/wp-json\/wp\/v2\/pages"}],"about":[{"href":"https:\/\/ineskaiser-grace.fr\/fr\/wp-json\/wp\/v2\/types\/page"}],"author":[{"embeddable":true,"href":"https:\/\/ineskaiser-grace.fr\/fr\/wp-json\/wp\/v2\/users\/1"}],"replies":[{"embeddable":true,"href":"https:\/\/ineskaiser-grace.fr\/fr\/wp-json\/wp\/v2\/comments?post=2952"}],"version-history":[{"count":0,"href":"https:\/\/ineskaiser-grace.fr\/fr\/wp-json\/wp\/v2\/pages\/2952\/revisions"}],"wp:attachment":[{"href":"https:\/\/ineskaiser-grace.fr\/fr\/wp-json\/wp\/v2\/media?parent=2952"}],"curies":[{"name":"wp","href":"https:\/\/api.w.org\/{rel}","templated":true}]}}

Mentions légales

<div data-elementor-type="wp-post" data-elementor-id="2952" class="elementor elementor-2952 elementor-2254">
						<section class="elementor-section elementor-top-section elementor-element elementor-element-df2d035 elementor-section-height-min-height elementor-section-boxed elementor-section-height-default elementor-section-items-middle" data-id="df2d035" data-element_type="section" data-e-type="section" data-settings="{&quot;background_background&quot;:&quot;classic&quot;}">
						<div class="elementor-container elementor-column-gap-wider">
					<div class="elementor-column elementor-col-100 elementor-top-column elementor-element elementor-element-9513a38" data-id="9513a38" data-element_type="column" data-e-type="column" data-settings="{&quot;motion_fx_motion_fx_scrolling&quot;:&quot;yes&quot;,&quot;motion_fx_translateY_effect&quot;:&quot;yes&quot;,&quot;motion_fx_translateY_speed&quot;:{&quot;unit&quot;:&quot;px&quot;,&quot;size&quot;:2,&quot;sizes&quot;:[]},&quot;motion_fx_translateY_affectedRange&quot;:{&quot;unit&quot;:&quot;%&quot;,&quot;size&quot;:&quot;&quot;,&quot;sizes&quot;:{&quot;start&quot;:0,&quot;end&quot;:100}},&quot;motion_fx_devices&quot;:[&quot;desktop&quot;,&quot;tablet&quot;,&quot;mobile&quot;]}">
			<div class="elementor-widget-wrap elementor-element-populated">
						<div class="elementor-element elementor-element-f586995 elementor-widget elementor-widget-image" data-id="f586995" data-element_type="widget" data-e-type="widget" data-widget_type="image.default">
				<div class="elementor-widget-container">
															<img fetchpriority="high" decoding="async" width="300" height="425" src="https://ineskaiser-grace.fr/wp-content/uploads/2022/08/Green-Watercolor-Leaf-on-Light-Yellow-Background-Framed-Art-Print-Kopie.png" class="attachment-large size-large wp-image-1695" alt="" srcset="https://ineskaiser-grace.fr/wp-content/uploads/2022/08/Green-Watercolor-Leaf-on-Light-Yellow-Background-Framed-Art-Print-Kopie.png 300w, https://ineskaiser-grace.fr/wp-content/uploads/2022/08/Green-Watercolor-Leaf-on-Light-Yellow-Background-Framed-Art-Print-Kopie-212x300.png 212w" sizes="(max-width: 300px) 100vw, 300px" />															</div>
				</div>
				<div class="elementor-element elementor-element-e6cf720 elementor-widget elementor-widget-heading" data-id="e6cf720" data-element_type="widget" data-e-type="widget" data-widget_type="heading.default">
				<div class="elementor-widget-container">
					<h2 class="elementor-heading-title elementor-size-default">Mentions légales</h2>				</div>
				</div>
				<div class="elementor-element elementor-element-f9718ef elementor-widget elementor-widget-text-editor" data-id="f9718ef" data-element_type="widget" data-e-type="widget" data-widget_type="text-editor.default">
				<div class="elementor-widget-container">
									<p><b style="font-family: var( --e-global-typography-3af547c-font-family ), Sans-serif; font-size: var( --e-global-typography-3af547c-font-size ); letter-spacing: var( --e-global-typography-3af547c-letter-spacing ); word-spacing: var( --e-global-typography-3af547c-word-spacing ); background-color: var( --e-global-color-a538b7b ); color: var( --e-global-color-1af8633 );">Ines Kaiser &#8211; The Place of Grace<br /><br /></b><b style="font-family: var( --e-global-typography-3af547c-font-family ), Sans-serif; font-size: var( --e-global-typography-3af547c-font-size ); letter-spacing: var( --e-global-typography-3af547c-letter-spacing ); word-spacing: var( --e-global-typography-3af547c-word-spacing ); background-color: var( --e-global-color-a538b7b ); color: var( --e-global-color-1af8633 );">Grace FR SARL<br /></b><b style="font-family: var( --e-global-typography-3af547c-font-family ), Sans-serif; font-size: var( --e-global-typography-3af547c-font-size ); letter-spacing: var( --e-global-typography-3af547c-letter-spacing ); word-spacing: var( --e-global-typography-3af547c-word-spacing ); background-color: var( --e-global-color-a538b7b ); color: var( --e-global-color-1af8633 );">13, Chemin de Saint Chaptes<br /></b><b style="font-family: var( --e-global-typography-3af547c-font-family ), Sans-serif; font-size: var( --e-global-typography-3af547c-font-size ); letter-spacing: var( --e-global-typography-3af547c-letter-spacing ); word-spacing: var( --e-global-typography-3af547c-word-spacing ); background-color: var( --e-global-color-a538b7b ); color: var( --e-global-color-1af8633 );">F-30190 Moussac<br /></b>TVA: FR 67 84352 4208<br />SIRET: 843 524 208 00017</p><p> </p><p><b style="font-family: var( --e-global-typography-3af547c-font-family ), Sans-serif; font-size: var( --e-global-typography-3af547c-font-size ); letter-spacing: var( --e-global-typography-3af547c-letter-spacing ); word-spacing: var( --e-global-typography-3af547c-word-spacing ); background-color: var( --e-global-color-a538b7b ); color: var( --e-global-color-1af8633 );">Photos<br /></b><span style="font-family: var( --e-global-typography-3af547c-font-family ), Sans-serif; font-size: var( --e-global-typography-3af547c-font-size ); font-weight: var( --e-global-typography-3af547c-font-weight ); letter-spacing: var( --e-global-typography-3af547c-letter-spacing ); word-spacing: var( --e-global-typography-3af547c-word-spacing ); background-color: var( --e-global-color-a538b7b ); color: var( --e-global-color-1af8633 );">Anja Prade Photographie &#8211; https://www.anjaprade-photographie.com<br /></span><span style="font-family: var( --e-global-typography-3af547c-font-family ), Sans-serif; font-size: var( --e-global-typography-3af547c-font-size ); font-weight: var( --e-global-typography-3af547c-font-weight ); letter-spacing: var( --e-global-typography-3af547c-letter-spacing ); word-spacing: var( --e-global-typography-3af547c-word-spacing ); background-color: var( --e-global-color-a538b7b ); color: var( --e-global-color-1af8633 );">Georges Kayat &#8211; http://blabladog.com/en/<br /></span><span style="font-family: var( --e-global-typography-3af547c-font-family ), Sans-serif; font-size: var( --e-global-typography-3af547c-font-size ); font-weight: var( --e-global-typography-3af547c-font-weight ); letter-spacing: var( --e-global-typography-3af547c-letter-spacing ); word-spacing: var( --e-global-typography-3af547c-word-spacing ); background-color: var( --e-global-color-a538b7b ); color: var( --e-global-color-1af8633 );">Jean Baptise Premat &#8211; https://jeanbaptistepremat.com<br /></span><span style="font-family: var( --e-global-typography-3af547c-font-family ), Sans-serif; font-size: var( --e-global-typography-3af547c-font-size ); font-weight: var( --e-global-typography-3af547c-font-weight ); letter-spacing: var( --e-global-typography-3af547c-letter-spacing ); word-spacing: var( --e-global-typography-3af547c-word-spacing ); background-color: var( --e-global-color-a538b7b ); color: var( --e-global-color-1af8633 );">Thierry Fulconis<br /></span>Nathalie Blasinger &#8211; https://www.nathalieblasinger.de/</p><p><strong style="font-family: var( --e-global-typography-3af547c-font-family ), Sans-serif; font-size: var( --e-global-typography-3af547c-font-size ); letter-spacing: var( --e-global-typography-3af547c-letter-spacing ); word-spacing: var( --e-global-typography-3af547c-word-spacing ); background-color: var( --e-global-color-a538b7b ); color: var( --e-global-color-1af8633 );">Conception &amp; réalisation<br /></strong>Ulrich Haug : <a style="font-family: var( --e-global-typography-3af547c-font-family ), Sans-serif; font-size: var( --e-global-typography-3af547c-font-size ); letter-spacing: var( --e-global-typography-3af547c-letter-spacing ); word-spacing: var( --e-global-typography-3af547c-word-spacing );" href="http://www.ulrich-haug.de/">www.ulrich-haug.de</a></p><h6><strong>Clause de non-responsabilité (Disclaimer)</strong></h6><p><strong>Responsabilité du contenu</strong></p><p>En tant que prestataire de services, nous sommes tenus, conformément au § 7 al.1 TMG pour ses propres contenus sur ces pages selon les lois générales. Selon les §§ 8 à 10 de la loi allemande sur les médias électroniques (TMG), nous ne sommes toutefois pas tenus, en tant que prestataire de services, de surveiller les informations externes transmises ou enregistrées ou de rechercher des circonstances indiquant une activité illégale. Les obligations de supprimer ou de bloquer l&rsquo;utilisation d&rsquo;informations conformément aux lois générales restent inchangées. Une responsabilité à cet égard n&rsquo;est toutefois possible qu&rsquo;à partir du moment où une violation concrète de la loi est connue. Dès que nous aurons connaissance de telles violations, nous retirerons immédiatement ces contenus.</p><p><strong>Responsabilité pour les liens</strong></p><p>Notre offre contient des liens vers des sites web externes de tiers, sur le contenu desquels nous n&rsquo;avons aucune influence. C&rsquo;est pourquoi nous ne pouvons pas non plus nous porter garants de ces contenus étrangers. Le fournisseur ou l&rsquo;exploitant des pages liées est toujours responsable du contenu de ces pages. Les pages liées ont été vérifiées au moment de la création du lien afin de s&rsquo;assurer qu&rsquo;elles n&rsquo;enfreignaient pas la loi. Aucun contenu illégal n&rsquo;a été identifié au moment de la création des liens. Un contrôle permanent du contenu des pages liées n&rsquo;est toutefois pas exigible sans indices concrets d&rsquo;une violation de la loi. Dès que nous aurons connaissance de violations de la loi, nous supprimerons immédiatement de tels liens.</p><p><strong>Droit d&rsquo;auteur</strong></p><p>Les contenus et œuvres créés par les exploitants de ces pages sont soumis au droit d&rsquo;auteur allemand. La reproduction, le traitement, la diffusion et toute forme d&rsquo;exploitation en dehors des limites du droit d&rsquo;auteur requièrent l&rsquo;accord écrit de l&rsquo;auteur ou du créateur concerné. Les téléchargements et les copies de cette page ne sont autorisés que pour un usage privé et non commercial. Dans la mesure où les contenus de ce site n&rsquo;ont pas été créés par l&rsquo;exploitant, les droits d&rsquo;auteur de tiers sont respectés. En particulier, les contenus de tiers sont identifiés comme tels. <a id="datenschutz" name="datenschutz"></a>Si vous deviez néanmoins constater une violation des droits d&rsquo;auteur, nous vous prions de nous en informer. Dès que nous aurons connaissance d&rsquo;une violation de la loi, nous supprimerons immédiatement de tels contenus.</p><p> </p>								</div>
				</div>
					</div>
		</div>
					</div>
		</section>
				<section class="elementor-section elementor-top-section elementor-element elementor-element-6cc6801 elementor-section-content-bottom elementor-section-boxed elementor-section-height-default elementor-section-height-default" data-id="6cc6801" data-element_type="section" data-e-type="section">
						<div class="elementor-container elementor-column-gap-no">
					<div class="elementor-column elementor-col-100 elementor-top-column elementor-element elementor-element-0118956" data-id="0118956" data-element_type="column" data-e-type="column">
			<div class="elementor-widget-wrap elementor-element-populated">
						<div class="elementor-element elementor-element-0c8ac6c elementor-widget-divider--view-line elementor-widget elementor-widget-divider" data-id="0c8ac6c" data-element_type="widget" data-e-type="widget" data-widget_type="divider.default">
				<div class="elementor-widget-container">
							<div class="elementor-divider">
			<span class="elementor-divider-separator">
						</span>
		</div>
						</div>
				</div>
					</div>
		</div>
					</div>
		</section>
				</div>

<p>Mentions légales Ines Kaiser &#8211; The Place of Grace Grace FR SARL13, Chemin de Saint ChaptesF-30190 MoussacTVA: FR 67 84352 4208SIRET: 843 524 208 00017   PhotosAnja Prade Photographie &#8211; https://www.anjaprade-photographie.comGeorges Kayat &#8211; http://blabladog.com/en/Jean Baptise Premat &#8211; https://jeanbaptistepremat.comThierry FulconisNathalie Blasinger &#8211; https://www.nathalieblasinger.de/ Conception &amp; réalisationUlrich Haug : www.ulrich-haug.de Clause de non-responsabilité (Disclaimer) Responsabilité du contenu [&hellip;]</p>
